{"id":6,"date":"2016-12-01T15:22:42","date_gmt":"2016-12-01T15:22:42","guid":{"rendered":"http:\/\/etica.dv.rrp.campus\/wp\/?page_id=6"},"modified":"2018-10-25T22:24:27","modified_gmt":"2018-10-25T22:24:27","slug":"funciones-y-deberes","status":"publish","type":"page","link":"https:\/\/etica.uprrp.edu\/index.php\/funciones-y-deberes\/","title":{"rendered":"Funciones y Deberes"},"content":{"rendered":"<p style=\"text-align: justify;\">El Comit\u00e9 de \u00c9tica tiene como funci\u00f3n:<\/p>\n<ol>\n<ol>\n<li style=\"text-align: justify;\">Mantener informado al jefe de la agencia ejecutiva o al alcalde, seg\u00fan sea el caso, sobre los trabajos a cabo por el Comit\u00e9.<\/li>\n<li style=\"text-align: justify;\">Velar que se d\u00e9 seguimiento y se cumpla con los se\u00f1alamientos en informes de intervenci\u00f3n de la Oficina del Contralor, as\u00ed como en informes de auditor\u00edas internas y externas realizadas en las agencias ejecutivas y gobiernos municipales.<\/li>\n<li style=\"text-align: justify;\">Velar que se establezcan controles administrativos que impidan y desalienten al personal a incurrir en violaciones a esta Ley, sus reglamentos y cualquier otra ley dirigida a atacar la corrupci\u00f3n en el servicio p\u00fablico.<\/li>\n<li style=\"text-align: justify;\">Velar que el personal cumpla con las disposiciones de esta Ley, as\u00ed como constatar, de tiempo en tiempo la efectividad de los controles administrativos establecidos y velar que se cumpla con los mismos.<\/li>\n<li style=\"text-align: justify;\">Realizar cualquier otra funci\u00f3n que a juicio del Director de la Oficina sea necesaria para lograr el objetivo de prevenir la corrupci\u00f3n gubernamental.<\/li>\n<li style=\"text-align: justify;\">Los Comit\u00e9s coordinaran sus acciones de conformidad con las normas que establezca la Oficina.<\/li>\n<li style=\"text-align: justify;\">Las agencias ejecutivas y los gobiernos municipales informar\u00e1n al Director de la Oficina los nombres de los miembros de sus Comit\u00e9s. De surgir cualquier cambio o puesto vacante sobre los componentes del Comit\u00e9 deber\u00e1n informar los mismos al Director, durante los treinta (30) d\u00edas siguientes a la fecha de efectuados los cambios.<\/li>\n<\/ol>\n<\/ol>\n<p>&nbsp;<\/p>\n","protected":false},"excerpt":{"rendered":"<p>El Comit\u00e9 de \u00c9tica tiene como funci\u00f3n: Mantener informado al jefe de la agencia ejecutiva o al alcalde, seg\u00fan sea el caso, sobre los trabajos a cabo por el Comit\u00e9. Velar que se d\u00e9 seguimiento y se cumpla con los se\u00f1alamientos en informes de intervenci\u00f3n de la Oficina del Contralor, as\u00ed como en informes de<\/p>\n<div class=\"read-more\"><a href=\"https:\/\/etica.uprrp.edu\/index.php\/funciones-y-deberes\/\" title=\"Read More\">Read More<\/a><\/div>\n","protected":false},"author":5,"featured_media":0,"parent":0,"menu_order":0,"comment_status":"closed","ping_status":"closed","template":"","meta":{"footnotes":""},"class_list":["post-6","page","type-page","status-publish"],"_links":{"self":[{"href":"https:\/\/etica.uprrp.edu\/index.php\/wp-json\/wp\/v2\/pages\/6","targetHints":{"allow":["GET"]}}],"collection":[{"href":"https:\/\/etica.uprrp.edu\/index.php\/wp-json\/wp\/v2\/pages"}],"about":[{"href":"https:\/\/etica.uprrp.edu\/index.php\/wp-json\/wp\/v2\/types\/page"}],"author":[{"embeddable":true,"href":"https:\/\/etica.uprrp.edu\/index.php\/wp-json\/wp\/v2\/users\/5"}],"replies":[{"embeddable":true,"href":"https:\/\/etica.uprrp.edu\/index.php\/wp-json\/wp\/v2\/comments?post=6"}],"version-history":[{"count":7,"href":"https:\/\/etica.uprrp.edu\/index.php\/wp-json\/wp\/v2\/pages\/6\/revisions"}],"predecessor-version":[{"id":73,"href":"https:\/\/etica.uprrp.edu\/index.php\/wp-json\/wp\/v2\/pages\/6\/revisions\/73"}],"wp:attachment":[{"href":"https:\/\/etica.uprrp.edu\/index.php\/wp-json\/wp\/v2\/media?parent=6"}],"curies":[{"name":"wp","href":"https:\/\/api.w.org\/{rel}","templated":true}]}}